s 30373147 prime?
False
Is 3374519 a composite number?
True
Is 4747273 prime?
False
Is 6055949 composite?
False
Is 9957967 composite?
False
Is 2358871 a prime number?
False
Is 19654571 composite?
False
Is 4723541 prime?
False
Is 3496055 prime?
False
Is 435059 a prime number?
True
Is 49362709 prime?
False
Is 236028719 a prime number?
True
Is 170944679 a composite number?
False
Is 4340843 composite?
True
Is 18180481 composite?
True
Is 100792985 composite?
True
Is 3725809 a composite number?
False
Is 8002639 composite?
False
Is 4305107 a composite number?
True
Is 6116147 prime?
False
Is 57186401 a composite number?
False
Is 84688811 composite?
False
Is 773681 a composite number?
False
Is 2737639 composite?
False
Is 111850721 a prime number?
True
Is 338269 a prime number?
True
Is 665714803 prime?
False
Is 31940303 a composite number?
False
Is 2955629 prime?
True
Is 18622753 a composite number?
True
Is 6983285 a prime number?
False
Is 12240394 composite?
True
Is 5276599 prime?
True
Is 5851651 prime?
False
Is 1065291329 a composite number?
False
Is 98767363 prime?
True
Is 41517409 a composite number?
False
Is 8526769 a composite number?
False
Is 231753053 a prime number?
False
Is 2565613 a composite number?
True
Is 9411851 composite?
True
Is 343903957 prime?
True
Is 16778771 a prime number?
True
Is 5040899 a composite number?
False
Is 8475671 a composite number?
False
Is 886163 a prime number?
True
Is 17995243 prime?
False
Is 579233 prime?
False
Is 2960057 a composite number?
True
Is 2377157 prime?
True
Is 5622203 prime?
True
Is 4741111 composite?
False
Is 77451079 a prime number?
True
Is 5588969 composite?
False
Is 968759 a composite number?
True
Is 10946729 a composite number?
False
Is 4781111 composite?
False
Is 5138293 prime?
False
Is 1964173 composite?
False
Is 306847589 a prime number?
False
Is 88862161 a composite number?
True
Is 89256341 prime?
False
Is 30862109 a composite number?
True
Is 226202777 composite?
True
Is 760693 a prime number?
True
Is 15480299 a prime number?
True
Is 18152503 a composite number?
False
Is 202664323 composite?
False
Is 1683817 composite?
False
Is 9529253 composite?
False
Is 9145239 a prime number?
False
Is 5931163 prime?
False
Is 6349414 composite?
True
Is 1585537 composite?
False
Is 3748853 prime?
False
Is 13534951 a prime number?
True
Is 196166549 prime?
False
Is 34853123 composite?
False
Is 4017977 prime?
True
Is 2322419 composite?
True
Is 2244262 prime?
False
Is 420097 a prime number?
True
Is 1437773 composite?
False
Is 16889563 composite?
True
Is 79662887 composite?
True
Is 9062705 composite?
True
Is 12282845 a prime number?
False
Is 935899 prime?
True
Is 3548009 composite?
False
Is 608507903 composite?
True
Is 2390209 composite?
True
Is 10567297 a prime number?
False
Is 9012583 a prime number?
True
Is 21059299 a prime number?
False
Is 5135803 prime?
False
Is 135634663 prime?
True
Is 8550161 a composite number?
False
Is 6515653 a composite number?
True
Is 3667321 a prime number?
False
Is 63620993 prime?
True
Is 3212333 prime?
False
Is 14098531 composite?
False
Is 75767 prime?
True
Is 37703833 a prime number?
True
Is 5654311 composite?
True
Is 118278649 a prime number?
False
Is 453988663 prime?
True
Is 5601893 a prime number?
False
Is 5370119 composite?
True
Is 1905979 prime?
True
Is 1324124257 a prime number?
True
Is 16557659 prime?
True
Is 91993177 a composite number?
False
Is 71075783 a composite number?
True
Is 33682161 a prime number?
False
Is 1375697 prime?
False
Is 3009931 a composite number?
False
Is 24722177 a prime number?
True
Is 2197649 a prime number?
False
Is 3638827 a composite number?
False
Is 10772371 composite?
False
Is 1022321 a prime number?
False
Is 6064195 prime?
False
Is 68971703 a prime number?
False
Is 780698987 composite?
False
Is 35471581 a prime number?
True
Is 5357323 a prime number?
False
Is 54127343 a composite number?
False
Is 39760453 composite?
False
Is 34423534 a composite number?
True
Is 2957621 a prime number?
True
Is 195289883 composite?
False
Is 2228417 composite?
False
Is 107045839 a composite number?
False
Is 14678407 composite?
True
Is 9759193 a composite number?
False
Is 725147 prime?
True
Is 128752817 prime?
True
Is 70855243 a prime number?
False
Is 2062309 prime?
False
Is 1115975891 composite?
False
Is 456869533 a prime number?
False
Is 2222387 a composite number?
False
Is 3247757 a composite number?
True
Is 2309837 a prime number?
True
Is 67041699 a prime number?
False
Is 953942069 a composite number?
False
Is 26661055 a prime number?
False
Is 57760529 a composite number?
False
Is 12063059 a prime number?
True
Is 599776817 composite?
False
Is 3597311 a prime number?
True
Is 12921481 prime?
False
Is 3916274 a prime number?
False
Is 31992547 a composite number?
False
Is 8489839 prime?
True
Is 10376969 composite?
False
Is 3290467 prime?
False
Is 103730189 a prime number?
True
Is 674533 prime?
True
Is 19745989 a prime number?
False
Is 83315743 a prime number?
False
Is 73473297 composite?
True
Is 186832889 a composite number?
False
Is 10902335 prime?
False
Is 481148069 prime?
False
Is 195306281 composite?
True
Is 2725973 prime?
False
Is 38405611 prime?
True
Is 17836121 a composite number?
False
Is 7414457 a composite number?
True
Is 83470063 a composite number?
False
Is 1602929 a prime number?
True
Is 7779319 prime?
False
Is 62128111 prime?
False
Is 51403789 prime?
False
Is 39929543 a prime number?
False
Is 38284817 prime?
True
Is 3795853 a composite number?
False
Is 132304259 a prime number?
True
Is 45046817 a composite number?
False
Is 18275011 composite?
False
Is 40474741 composite?
False
Is 263251 a prime number?
False
Is 27183397 composite?
False
Is 65860979 prime?
False
Is 96574957 composite?
True
Is 5633417 prime?
True
Is 1427089 a prime number?
True
Is 45525127 a prime number?
True
Is 203270537 composite?
False
Is 1606009 a prime number?
True
Is 43682777 prime?
False
Is 4409969 a prime number?
False
Is 34843894 composite?
True
Is 6700063 a composite number?
False
Is 1383653 a prime number?
True
Is 58544501 a prime number?
True
Is 2032873 a composite number?
False
Is 39907009 a prime number?
False
Is 83184389 a composite number?
False
Is 11174953 composite?
True
Is 343349167 prime?
False
Is 37421363 a composite number?
True
Is 29008381 a composite number?
True
Is 21946343 a prime number?
False
Is 486739817 composite?
False
Is 61801342 a composite number?
True
Is 564101 composite?
True
Is 10311209 a composite number?
True
Is 15784261 prime?
True
Is 59033047 a composite number?
False
Is 24943837 a composite number?
True
Is 945179 a composite number?
False
Is 5268457 prime?
True
Is 707459 composite?
False
Is 203234209 a composite number?
False
Is 7454081 prime?
True
Is 206578 a prime number?
False
Is 297586843 prime?
True
Is 3870767 a prime number?
True
Is 1324339 a prime number?
False
Is 1088933 composite?
False
Is 3697417 composite?
True
Is 64105567 prime?
False
Is 2078863 a prime number?
False
Is 7569197 a composite number?
False
Is 1043617 composite?
False
Is 65138447 prime?
False
Is 91667771 prime?
False
Is 28328323 composite?
False
Is 6816761 composite?
True
Is 130207829 a composite number?
False
Is 3729941 a composite number?
True
Is 30999271 a prime number?
True
Is 24311515 composite?
True
Is 116719 prime?
True
Is 355936187 prime?
False
Is 12320267 composite?
False
Is 44082893 a composite number?
True
Is 6157009 a composite number?
True
Is 3874639 a composite number?
False
Is 384872087 composite?
True
Is 124179563 a composite number?
False
Is 62976679 a prime number?
True
Is 17548667 a composite number?
False
Is 40143563 a composite number?
False
Is 82743987 composite?
True
Is 101744309 composite?
False
Is 1697453 composite?
False
Is 10108481 a composite number?
False
Is 20981 a prime number?
True
Is 13669637 prime?
False
Is 9711817 prime?
False
Is 4224127 a prime number?
True
Is 1523927 composite?
True
Is 23693389 composite?
False
Is 379029851 prime?
True
Is 47447107 prime?
True
Is 7950779 a prime number?
True
Is 686593 a prime number?
True
Is 144833973 a composite number?
True
Is 398581 prime?
True
Is 7862299 a prime number?
False
Is 14890907 composite?
False
Is 85313114 prime?
False
Is 14794753 prime?
False
Is 4911899 composite?
True
Is 7031361 a pr